{"id":3136,"date":"2020-09-03T10:41:53","date_gmt":"2020-09-03T08:41:53","guid":{"rendered":"https:\/\/ott.wenzel-werbeagentur.de\/?page_id=3136"},"modified":"2022-04-26T09:41:45","modified_gmt":"2022-04-26T07:41:45","slug":"allgemeine-datenerhebung","status":"publish","type":"page","link":"https:\/\/www.zahnrad-ott.de\/de\/datenschutz-html\/allgemeine-datenerhebung\/","title":{"rendered":"Allgemeine Datenerhebung"},"content":{"rendered":"<div class=\"fusion-fullwidth fullwidth-box fusion-builder-row-1 nonhundred-percent-fullwidth non-hundred-percent-height-scrolling\" style=\"--awb-background-position:left top;--awb-border-sizes-top:0px;--awb-border-sizes-bottom:0px;--awb-border-sizes-left:0px;--awb-border-sizes-right:0px;--awb-border-radius-top-left:0px;--awb-border-radius-top-right:0px;--awb-border-radius-bottom-right:0px;--awb-border-radius-bottom-left:0px;--awb-padding-top:100px;--awb-padding-right:0px;--awb-padding-bottom:100px;--awb-padding-left:0px;--awb-margin-top:0px;--awb-margin-bottom:0px;--awb-flex-wrap:wrap;\" ><div class=\"fusion-builder-row fusion-row\"><div class=\"fusion-layout-column fusion_builder_column fusion-builder-column-0 fusion_builder_column_1_1 1_1 fusion-one-full fusion-column-first fusion-column-last\" style=\"--awb-bg-size:cover;--awb-margin-bottom:0px;\"><div class=\"fusion-column-wrapper fusion-column-has-shadow fusion-flex-column-wrapper-legacy\"><div class=\"fusion-title title fusion-title-1 fusion-sep-none fusion-title-text fusion-title-size-one\" style=\"--awb-text-color:#004f9f;--awb-margin-bottom:0px;--awb-margin-top-small:0px;--awb-margin-right-small:0px;--awb-margin-bottom-small:0px;--awb-margin-left-small:0px;\"><h1 class=\"fusion-title-heading title-heading-left fusion-responsive-typography-calculated\" style=\"margin:0;--fontSize:50;line-height:1.25;\">Allgemeine Datenschutzerkl\u00e4rung<\/h1><\/div><div class=\"fusion-sep-clear\"><\/div><div class=\"fusion-separator fusion-full-width-sep\" style=\"margin-left: auto;margin-right: auto;margin-top:25px;margin-bottom:25px;width:100%;max-width:100%;\"><\/div><div class=\"fusion-sep-clear\"><\/div><div class=\"fusion-title title fusion-title-2 fusion-sep-none fusion-title-text fusion-title-size-three\" style=\"--awb-text-color:#000000;--awb-margin-bottom:0px;--awb-margin-top-small:0px;--awb-margin-right-small:0px;--awb-margin-bottom-small:0px;--awb-margin-left-small:0px;\"><h3 class=\"fusion-title-heading title-heading-left fusion-responsive-typography-calculated\" style=\"margin:0;--fontSize:25;line-height:1.25;\">Informationspflicht nach Art. 13 der EU &#8211; DSGVO: Allgemeine Datenerhebung<\/h3><\/div><div class=\"fusion-sep-clear\"><\/div><div class=\"fusion-separator fusion-full-width-sep\" style=\"margin-left: auto;margin-right: auto;margin-top:20px;margin-bottom:20px;width:100%;max-width:100%;\"><\/div><div class=\"fusion-sep-clear\"><\/div><div class=\"fusion-text fusion-text-1\" style=\"--awb-text-transform:none;\"><p><strong>Wer ist f\u00fcr Datenverarbeitung verantwortlich?<\/strong><\/p>\n<p><em>Verantwortlich im Sinne des Datenschutzrechts ist:<\/em><\/p>\n<p>Zahnradfertigung OTT GmbH [&amp;] Co.KG<br \/>Bl\u00f6hsteinstra\u00dfe 20<br \/>72411 Bodelshausen<br \/><i class=\"fas fa-phone-alt\"><\/i>\u00a0\u00a0+49 7471 705-0<br \/><i class=\"far fa-envelope\"><\/i>\u00a0\u00a0<a href=\"mailto:info@zahnrad-ott.de\">info@zahnrad-ott.de<\/a><\/p>\n<p><em>Kontaktdaten des Datenschutzbeauftragten:<\/em><\/p>\n<p><i class=\"far fa-envelope\"><\/i>\u00a0\u00a0<a href=\"mailto:datenschutz@zahnrad-ott.de\">datenschutz@zahnrad-ott.de<\/a><\/p>\n<\/div><div class=\"fusion-sep-clear\"><\/div><div class=\"fusion-separator fusion-full-width-sep\" style=\"margin-left: auto;margin-right: auto;margin-top:20px;margin-bottom:20px;width:100%;max-width:100%;\"><\/div><div class=\"fusion-sep-clear\"><\/div><div class=\"fusion-text fusion-text-2\"><p><strong>Welche Daten von Ihnen werden von uns verarbeitet? Und zu welchen Zwecken?<\/strong><\/p>\n<p>Wenn wir Daten von Ihnen erhalten haben, dann werden wir diese grunds\u00e4tzlich nur f\u00fcr die Zwecke verarbeiten, f\u00fcr die wir sie erhalten oder erhoben haben.<\/p>\n<p>Eine Datenverarbeitung zu andern Zwecken kommt nur dann in Betracht, wenn die insoweit erforderlichen rechtlichen Vorgaben gem\u00e4\u00df Art. 6 Abs. 4 DSGVO vorliegen. Etwaige Informationspflichten nach Art. 13 Abs. 3 DSGVO und Art. 14 Abs. 4 DSGVO werden wir in dem Fall selbstverst\u00e4ndlich beachten.<\/p>\n<\/div><div class=\"fusion-sep-clear\"><\/div><div class=\"fusion-separator fusion-full-width-sep\" style=\"margin-left: auto;margin-right: auto;margin-top:20px;margin-bottom:20px;width:100%;max-width:100%;\"><\/div><div class=\"fusion-sep-clear\"><\/div><div class=\"fusion-text fusion-text-3\"><p><strong>Auf welcher rechtlichen Grundlage basiert die Datenverarbeitung?<\/strong><\/p>\n<p>Rechtsgrundlage f\u00fcr die Verarbeitung von personenbezogenen Daten ist grunds\u00e4tzlich \u201esoweit es nicht noch spezifische Rechtsvorschriften gibt\u201c Art. 6 DSGVO. Hier kommen insbesondere folgend M\u00f6glichkeiten in Betracht:<\/p>\n<ul>\n<li>Einwilligung (Art. 6 Abs. 1 lit. a) DSGVO)<\/li>\n<li>Datenverarbeitung zur Erf\u00fcllung von Vertr\u00e4gen (Art. 6 Abs. 1 lit. b) DSGVO)<\/li>\n<li>Datenverarbeitung auf Basis einer Interessenabw\u00e4gung (Art. 6 Abs. 1 lit. f) DSGVO)<\/li>\n<li>Datenverarbeitung zur Erf\u00fcllung einer rechtlichen Verpflichtung (Art. 6 Abs. 1 lit. c) DSGVO)<\/li>\n<\/ul>\n<p>Wenn personenbezogene Daten auf Grundlage einer Einwilligung von Ihnen verarbeitet werden, haben Sie das Recht, die Einwilligung jederzeit mit Wirkung f\u00fcr die Zukunft uns gegen\u00fcber zu widerrufen.<\/p>\n<p>Wenn wir Daten auf Basis einer Interessenabw\u00e4gung verarbeiten, haben Sie als Betroffene Person das Recht, unter Ber\u00fccksichtigung der Vorgaben von Art. 21 DSGVO der Verarbeitung der personenbezogenen Daten zu widersprechen.<\/p>\n<\/div><div class=\"fusion-sep-clear\"><\/div><div class=\"fusion-separator fusion-full-width-sep\" style=\"margin-left: auto;margin-right: auto;margin-top:20px;margin-bottom:20px;width:100%;max-width:100%;\"><\/div><div class=\"fusion-sep-clear\"><\/div><div class=\"fusion-text fusion-text-4\"><p><strong>Wie lange werden die Daten gespeichert?<\/strong><\/p>\n<p>Wir verarbeiten die Daten, solange dies f\u00fcr den jeweiligen Zweck erforderlich ist.<\/p>\n<p>Soweit gesetzliche Aufbewahrungspflichten bestehen &#8211; z.B. im Handelsrecht oder Steuerrecht &#8211; werden die betreffenden personenbezogenen Daten f\u00fcr die Dauer der Aufbewahrungspflicht gespeichert. Nach Ablauf der Aufbewahrungspflicht wird gepr\u00fcft, ob eine weitere Erforderlichkeit f\u00fcr die Verarbeitung vorliegt. Liegt eine Erforderlichkeit nicht mehr vor, werden die Daten gel\u00f6scht.<\/p>\n<p>Grunds\u00e4tzlich nehmen wir gegen Ende eines Kalenderjahres eine Pr\u00fcfung von Daten im Hinblick auf das Erfordernis einer weiteren Verarbeitung vor. Aufgrund der Menge der Daten erfolgt diese Pr\u00fcfung im Hinblick auf spezifische Datenarten oder Zwecke einer Verarbeitung.<\/p>\n<p>Selbstverst\u00e4ndlich k\u00f6nnen Sie jederzeit (s.u.) Auskunft \u00fcber die bei uns zu Ihrer Person gespeicherten Daten verlangen und im Falle einer nicht bestehenden Erforderlichkeit eine L\u00f6schung der Daten oder Einschr\u00e4nkung der Verarbeitung verlangen.<\/p>\n<\/div><div class=\"fusion-sep-clear\"><\/div><div class=\"fusion-separator fusion-full-width-sep\" style=\"margin-left: auto;margin-right: auto;margin-top:20px;margin-bottom:20px;width:100%;max-width:100%;\"><\/div><div class=\"fusion-sep-clear\"><\/div><div class=\"fusion-text fusion-text-5\"><p><strong>An welche Empf\u00e4nger werden die Daten weitergegeben?<\/strong><\/p>\n<p>Eine Weitergabe Ihrer personenbezogenen Daten an Dritte findet grunds\u00e4tzlich nur statt, wenn dies f\u00fcr die Durchf\u00fchrung des Vertrages mit Ihnen erforderlich ist, die Weitergabe auf Basis einer Interessenabw\u00e4gung i.S.d. Art. 6 Abs. 1 lit. f) DSGVO zul\u00e4ssig ist, wir rechtlich zu der Weitergabe verpflichtet sind oder Sie insoweit eine Einwilligung erteilt haben.<\/p>\n<\/div><div class=\"fusion-sep-clear\"><\/div><div class=\"fusion-separator fusion-full-width-sep\" style=\"margin-left: auto;margin-right: auto;margin-top:20px;margin-bottom:20px;width:100%;max-width:100%;\"><\/div><div class=\"fusion-sep-clear\"><\/div><div class=\"fusion-text fusion-text-6\"><p><strong>Wo werden die Daten verarbeitet?<\/strong><\/p>\n<p>Ihre personenbezogenen Daten werden von uns ausschlie\u00dflich in Rechenzentren der Bundesrepublik Deutschland verarbeitet.<\/p>\n<\/div><div class=\"fusion-sep-clear\"><\/div><div class=\"fusion-separator fusion-full-width-sep\" style=\"margin-left: auto;margin-right: auto;margin-top:20px;margin-bottom:20px;width:100%;max-width:100%;\"><\/div><div class=\"fusion-sep-clear\"><\/div><div class=\"fusion-text fusion-text-7\"><p><strong>Rechte als betroffene Person<\/strong><\/p>\n<p>Sie haben das Recht auf Auskunft \u00fcber die von uns zu Ihrer Person verarbeiteten personenbezogenen Daten.<\/p>\n<p>Bei einer Auskunftsanfrage, die nicht schriftlich erfolgt, bitten wir um Verst\u00e4ndnis daf\u00fcr, dass wir dann ggf. Nachweise von Ihnen verlangen, die belegen, dass Sie die Person sind, f\u00fcr die Sie sich ausgeben.<\/p>\n<p>Ferner haben Sie ein Recht auf Berichtigung oder L\u00f6schung oder auf Einschr\u00e4nkung der Verarbeitung, soweit Ihnen dies gesetzlich zusteht.<\/p>\n<p>Ferner haben Sie ein Widerspruchsrecht gegen die Verarbeitung im Rahmen der gesetzlichen Vorgaben. Ein Recht auf Daten\u00fcbertragbarkeit besteht ebenfalls im Rahmen der datenschutzrechtlichen Vorgaben.<\/p>\n<p>Insbesondere haben Sie ein Widerspruchsrecht nach Art. 21 Abs. 1 und 2 DSGVO gegen die Verarbeitung Ihrer Daten im Zusammenhang mit einer Direktwerbung, wenn diese auf Basis einer Interessenabw\u00e4gung erfolgt.<\/p>\n<\/div><div class=\"fusion-sep-clear\"><\/div><div class=\"fusion-separator fusion-full-width-sep\" style=\"margin-left: auto;margin-right: auto;margin-top:20px;margin-bottom:20px;width:100%;max-width:100%;\"><\/div><div class=\"fusion-sep-clear\"><\/div><div class=\"fusion-text fusion-text-8\"><p><strong>Wo k\u00f6nnen Sie sich beschweren?<\/strong><\/p>\n<p>Sie haben die M\u00f6glichkeit, sich mit einer Beschwerde an den oben genannten Datenschutzbeauftragten oder an eine Datenschutzaufsichtsbeh\u00f6rde zu wenden. Die f\u00fcr uns zust\u00e4ndige Datenschutzaufsichtsbeh\u00f6rde ist:<\/p>\n<p><em>Der Landesbeauftragte f\u00fcr den Datenschutz und die Informationsfreiheit Baden-W\u00fcrttemberg<\/em><br \/>\nPostfach 10 29 32, 70025 Stuttgart K\u00f6nigstra\u00dfe 10a, 70173 Stuttgart<br \/>\nTel.: 0711\/61 55 41 \u2013 0 Fax: 0711\/61 55 41 \u2013 15<br \/>\nE-Mail: <a href=\"mailto:poststelle@lfdi.bwl.de\">poststelle@lfdi.bwl.de<\/a><br \/>\nInternet: <a href=\"https:\/\/www.baden-wuerttemberg.datenschutz.de\" target=\"_blank\" rel=\"noopener noreferrer\">https:\/\/www.baden-wuerttemberg.datenschutz.de<\/a><\/p>\n<\/div><div class=\"fusion-sep-clear\"><\/div><div class=\"fusion-separator fusion-full-width-sep\" style=\"margin-left: auto;margin-right: auto;margin-top:20px;margin-bottom:20px;width:100%;max-width:100%;\"><\/div><div class=\"fusion-sep-clear\"><\/div><div class=\"fusion-button-wrapper\"><a class=\"fusion-button button-flat fusion-button-default-size button-default fusion-button-default button-1 fusion-button-default-span fusion-button-default-type\" target=\"_self\" href=\"https:\/\/www.zahnrad-ott.de\/datenschutz\/\"><span class=\"fusion-button-text awb-button__text awb-button__text--default\">Zur\u00fcck zur \u00dcbersicht<\/span><\/a><\/div><div class=\"fusion-clearfix\"><\/div><\/div><\/div><\/div><\/div>\n","protected":false},"excerpt":{"rendered":"","protected":false},"author":1,"featured_media":0,"parent":3134,"menu_order":0,"comment_status":"closed","ping_status":"closed","template":"","meta":{"footnotes":""},"class_list":["post-3136","page","type-page","status-publish","hentry"],"_links":{"self":[{"href":"https:\/\/www.zahnrad-ott.de\/de\/wp-json\/wp\/v2\/pages\/3136","targetHints":{"allow":["GET"]}}],"collection":[{"href":"https:\/\/www.zahnrad-ott.de\/de\/wp-json\/wp\/v2\/pages"}],"about":[{"href":"https:\/\/www.zahnrad-ott.de\/de\/wp-json\/wp\/v2\/types\/page"}],"author":[{"embeddable":true,"href":"https:\/\/www.zahnrad-ott.de\/de\/wp-json\/wp\/v2\/users\/1"}],"replies":[{"embeddable":true,"href":"https:\/\/www.zahnrad-ott.de\/de\/wp-json\/wp\/v2\/comments?post=3136"}],"version-history":[{"count":5,"href":"https:\/\/www.zahnrad-ott.de\/de\/wp-json\/wp\/v2\/pages\/3136\/revisions"}],"predecessor-version":[{"id":5123,"href":"https:\/\/www.zahnrad-ott.de\/de\/wp-json\/wp\/v2\/pages\/3136\/revisions\/5123"}],"up":[{"embeddable":true,"href":"https:\/\/www.zahnrad-ott.de\/de\/wp-json\/wp\/v2\/pages\/3134"}],"wp:attachment":[{"href":"https:\/\/www.zahnrad-ott.de\/de\/wp-json\/wp\/v2\/media?parent=3136"}],"curies":[{"name":"wp","href":"https:\/\/api.w.org\/{rel}","templated":true}]}}

<div class="fusion-fullwidth fullwidth-box fusion-builder-row-1 nonhundred-percent-fullwidth non-hundred-percent-height-scrolling" style="--awb-background-position:left top;--awb-border-sizes-top:0px;--awb-border-sizes-bottom:0px;--awb-border-sizes-left:0px;--awb-border-sizes-right:0px;--awb-border-radius-top-left:0px;--awb-border-radius-top-right:0px;--awb-border-radius-bottom-right:0px;--awb-border-radius-bottom-left:0px;--awb-padding-top:100px;--awb-padding-right:0px;--awb-padding-bottom:100px;--awb-padding-left:0px;--awb-margin-top:0px;--awb-margin-bottom:0px;--awb-flex-wrap:wrap;" ><div class="fusion-builder-row fusion-row"><div class="fusion-layout-column fusion_builder_column fusion-builder-column-0 fusion_builder_column_1_1 1_1 fusion-one-full fusion-column-first fusion-column-last" style="--awb-bg-size:cover;--awb-margin-bottom:0px;"><div class="fusion-column-wrapper fusion-column-has-shadow fusion-flex-column-wrapper-legacy"><div class="fusion-title title fusion-title-1 fusion-sep-none fusion-title-text fusion-title-size-one" style="--awb-text-color:#004f9f;--awb-margin-bottom:0px;--awb-margin-top-small:0px;--awb-margin-right-small:0px;--awb-margin-bottom-small:0px;--awb-margin-left-small:0px;"><h1 class="fusion-title-heading title-heading-left fusion-responsive-typography-calculated" style="margin:0;--fontSize:50;line-height:1.25;">Allgemeine Datenschutzerklärung</h1></div><div class="fusion-sep-clear"></div><div class="fusion-separator fusion-full-width-sep" style="margin-left: auto;margin-right: auto;margin-top:25px;margin-bottom:25px;width:100%;max-width:100%;"></div><div class="fusion-sep-clear"></div><div class="fusion-title title fusion-title-2 fusion-sep-none fusion-title-text fusion-title-size-three" style="--awb-text-color:#000000;--awb-margin-bottom:0px;--awb-margin-top-small:0px;--awb-margin-right-small:0px;--awb-margin-bottom-small:0px;--awb-margin-left-small:0px;"><h3 class="fusion-title-heading title-heading-left fusion-responsive-typography-calculated" style="margin:0;--fontSize:25;line-height:1.25;">Informationspflicht nach Art. 13 der EU &#8211; DSGVO: Allgemeine Datenerhebung</h3></div><div class="fusion-sep-clear"></div><div class="fusion-separator fusion-full-width-sep" style="margin-left: auto;margin-right: auto;margin-top:20px;margin-bottom:20px;width:100%;max-width:100%;"></div><div class="fusion-sep-clear"></div><div class="fusion-text fusion-text-1" style="--awb-text-transform:none;"><p><strong>Wer ist für Datenverarbeitung verantwortlich?</strong></p>
<p><em>Verantwortlich im Sinne des Datenschutzrechts ist:</em></p>
<p>Zahnradfertigung OTT GmbH [&amp;] Co.KG<br />Blöhsteinstraße 20<br />72411 Bodelshausen<br /><i class="fas fa-phone-alt"></i>  +49 7471 705-0<br /><i class="far fa-envelope"></i>  <a href="mailto:info@zahnrad-ott.de">info@zahnrad-ott.de</a></p>
<p><em>Kontaktdaten des Datenschutzbeauftragten:</em></p>
<p><i class="far fa-envelope"></i>  <a href="mailto:datenschutz@zahnrad-ott.de">datenschutz@zahnrad-ott.de</a></p>
</div><div class="fusion-sep-clear"></div><div class="fusion-separator fusion-full-width-sep" style="margin-left: auto;margin-right: auto;margin-top:20px;margin-bottom:20px;width:100%;max-width:100%;"></div><div class="fusion-sep-clear"></div><div class="fusion-text fusion-text-2"><p><strong>Welche Daten von Ihnen werden von uns verarbeitet? Und zu welchen Zwecken?</strong></p>
<p>Wenn wir Daten von Ihnen erhalten haben, dann werden wir diese grundsätzlich nur für die Zwecke verarbeiten, für die wir sie erhalten oder erhoben haben.</p>
<p>Eine Datenverarbeitung zu andern Zwecken kommt nur dann in Betracht, wenn die insoweit erforderlichen rechtlichen Vorgaben gemäß Art. 6 Abs. 4 DSGVO vorliegen. Etwaige Informationspflichten nach Art. 13 Abs. 3 DSGVO und Art. 14 Abs. 4 DSGVO werden wir in dem Fall selbstverständlich beachten.</p>
</div><div class="fusion-sep-clear"></div><div class="fusion-separator fusion-full-width-sep" style="margin-left: auto;margin-right: auto;margin-top:20px;margin-bottom:20px;width:100%;max-width:100%;"></div><div class="fusion-sep-clear"></div><div class="fusion-text fusion-text-3"><p><strong>Auf welcher rechtlichen Grundlage basiert die Datenverarbeitung?</strong></p>
<p>Rechtsgrundlage für die Verarbeitung von personenbezogenen Daten ist grundsätzlich „soweit es nicht noch spezifische Rechtsvorschriften gibt“ Art. 6 DSGVO. Hier kommen insbesondere folgend Möglichkeiten in Betracht:</p>
<ul>
<li>Einwilligung (Art. 6 Abs. 1 lit. a) DSGVO)</li>
<li>Datenverarbeitung zur Erfüllung von Verträgen (Art. 6 Abs. 1 lit. b) DSGVO)</li>
<li>Datenverarbeitung auf Basis einer Interessenabwägung (Art. 6 Abs. 1 lit. f) DSGVO)</li>
<li>Datenverarbeitung zur Erfüllung einer rechtlichen Verpflichtung (Art. 6 Abs. 1 lit. c) DSGVO)</li>
</ul>
<p>Wenn personenbezogene Daten auf Grundlage einer Einwilligung von Ihnen verarbeitet werden, haben Sie das Recht, die Einwilligung jederzeit mit Wirkung für die Zukunft uns gegenüber zu widerrufen.</p>
<p>Wenn wir Daten auf Basis einer Interessenabwägung verarbeiten, haben Sie als Betroffene Person das Recht, unter Berücksichtigung der Vorgaben von Art. 21 DSGVO der Verarbeitung der personenbezogenen Daten zu widersprechen.</p>
</div><div class="fusion-sep-clear"></div><div class="fusion-separator fusion-full-width-sep" style="margin-left: auto;margin-right: auto;margin-top:20px;margin-bottom:20px;width:100%;max-width:100%;"></div><div class="fusion-sep-clear"></div><div class="fusion-text fusion-text-4"><p><strong>Wie lange werden die Daten gespeichert?</strong></p>
<p>Wir verarbeiten die Daten, solange dies für den jeweiligen Zweck erforderlich ist.</p>
<p>Soweit gesetzliche Aufbewahrungspflichten bestehen &#8211; z.B. im Handelsrecht oder Steuerrecht &#8211; werden die betreffenden personenbezogenen Daten für die Dauer der Aufbewahrungspflicht gespeichert. Nach Ablauf der Aufbewahrungspflicht wird geprüft, ob eine weitere Erforderlichkeit für die Verarbeitung vorliegt. Liegt eine Erforderlichkeit nicht mehr vor, werden die Daten gelöscht.</p>
<p>Grundsätzlich nehmen wir gegen Ende eines Kalenderjahres eine Prüfung von Daten im Hinblick auf das Erfordernis einer weiteren Verarbeitung vor. Aufgrund der Menge der Daten erfolgt diese Prüfung im Hinblick auf spezifische Datenarten oder Zwecke einer Verarbeitung.</p>
<p>Selbstverständlich können Sie jederzeit (s.u.) Auskunft über die bei uns zu Ihrer Person gespeicherten Daten verlangen und im Falle einer nicht bestehenden Erforderlichkeit eine Löschung der Daten oder Einschränkung der Verarbeitung verlangen.</p>
</div><div class="fusion-sep-clear"></div><div class="fusion-separator fusion-full-width-sep" style="margin-left: auto;margin-right: auto;margin-top:20px;margin-bottom:20px;width:100%;max-width:100%;"></div><div class="fusion-sep-clear"></div><div class="fusion-text fusion-text-5"><p><strong>An welche Empfänger werden die Daten weitergegeben?</strong></p>
<p>Eine Weitergabe Ihrer personenbezogenen Daten an Dritte findet grundsätzlich nur statt, wenn dies für die Durchführung des Vertrages mit Ihnen erforderlich ist, die Weitergabe auf Basis einer Interessenabwägung i.S.d. Art. 6 Abs. 1 lit. f) DSGVO zulässig ist, wir rechtlich zu der Weitergabe verpflichtet sind oder Sie insoweit eine Einwilligung erteilt haben.</p>
</div><div class="fusion-sep-clear"></div><div class="fusion-separator fusion-full-width-sep" style="margin-left: auto;margin-right: auto;margin-top:20px;margin-bottom:20px;width:100%;max-width:100%;"></div><div class="fusion-sep-clear"></div><div class="fusion-text fusion-text-6"><p><strong>Wo werden die Daten verarbeitet?</strong></p>
<p>Ihre personenbezogenen Daten werden von uns ausschließlich in Rechenzentren der Bundesrepublik Deutschland verarbeitet.</p>
</div><div class="fusion-sep-clear"></div><div class="fusion-separator fusion-full-width-sep" style="margin-left: auto;margin-right: auto;margin-top:20px;margin-bottom:20px;width:100%;max-width:100%;"></div><div class="fusion-sep-clear"></div><div class="fusion-text fusion-text-7"><p><strong>Rechte als betroffene Person</strong></p>
<p>Sie haben das Recht auf Auskunft über die von uns zu Ihrer Person verarbeiteten personenbezogenen Daten.</p>
<p>Bei einer Auskunftsanfrage, die nicht schriftlich erfolgt, bitten wir um Verständnis dafür, dass wir dann ggf. Nachweise von Ihnen verlangen, die belegen, dass Sie die Person sind, für die Sie sich ausgeben.</p>
<p>Ferner haben Sie ein Recht auf Berichtigung oder Löschung oder auf Einschränkung der Verarbeitung, soweit Ihnen dies gesetzlich zusteht.</p>
<p>Ferner haben Sie ein Widerspruchsrecht gegen die Verarbeitung im Rahmen der gesetzlichen Vorgaben. Ein Recht auf Datenübertragbarkeit besteht ebenfalls im Rahmen der datenschutzrechtlichen Vorgaben.</p>
<p>Insbesondere haben Sie ein Widerspruchsrecht nach Art. 21 Abs. 1 und 2 DSGVO gegen die Verarbeitung Ihrer Daten im Zusammenhang mit einer Direktwerbung, wenn diese auf Basis einer Interessenabwägung erfolgt.</p>
</div><div class="fusion-sep-clear"></div><div class="fusion-separator fusion-full-width-sep" style="margin-left: auto;margin-right: auto;margin-top:20px;margin-bottom:20px;width:100%;max-width:100%;"></div><div class="fusion-sep-clear"></div><div class="fusion-text fusion-text-8"><p><strong>Wo können Sie sich beschweren?</strong></p>
<p>Sie haben die Möglichkeit, sich mit einer Beschwerde an den oben genannten Datenschutzbeauftragten oder an eine Datenschutzaufsichtsbehörde zu wenden. Die für uns zuständige Datenschutzaufsichtsbehörde ist:</p>
<p><em>Der Landesbeauftragte für den Datenschutz und die Informationsfreiheit Baden-Württemberg</em><br />
Postfach 10 29 32, 70025 Stuttgart Königstraße 10a, 70173 Stuttgart<br />
Tel.: 0711/61 55 41 – 0 Fax: 0711/61 55 41 – 15<br />
E-Mail: <a href="mailto:poststelle@lfdi.bwl.de">poststelle@lfdi.bwl.de</a><br />
Internet: <a href="https://www.baden-wuerttemberg.datenschutz.de" target="_blank" rel="noopener noreferrer">https://www.baden-wuerttemberg.datenschutz.de</a></p>
</div><div class="fusion-sep-clear"></div><div class="fusion-separator fusion-full-width-sep" style="margin-left: auto;margin-right: auto;margin-top:20px;margin-bottom:20px;width:100%;max-width:100%;"></div><div class="fusion-sep-clear"></div><div class="fusion-button-wrapper"><a class="fusion-button button-flat fusion-button-default-size button-default fusion-button-default button-1 fusion-button-default-span fusion-button-default-type" target="_self" href="https://www.zahnrad-ott.de/datenschutz/"><span class="fusion-button-text awb-button__text awb-button__text--default">Zurück zur Übersicht</span></a></div><div class="fusion-clearfix"></div></div></div></div></div>
